 + 25 = 0, -3*o + 2*v + 53 = -u. Is o a prime number?
False
Suppose 4*g - 1939 - 505 = 0. Is g prime?
False
Suppose 2*l - 5 = -4*k + 1, -k = l - 3. Let s be (-50 - -1)*-1 + -2. Suppose -3*p - f = -s, -p - l = -4*f - 10. Is p a composite number?
True
Let o(n) = n**3 + 7*n**2 - 9*n - 8. Let w be o(-8). Let c be -1 + 3 - w - -113. Suppose 3*s = -2*s + c. Is s a prime number?
True
Let f(m) = -m**3 - 5*m**2 + 3*m - 10. Is f(-7) a prime number?
True
Let q be 3/3 - 4 - -21. Is -2*3/q*-534 composite?
True
Suppose -f - 2*l - 4 = f, -10 = 2*l. Suppose -f = c + 2*c, 0 = -3*n - 2*c + 4. Suppose -z - 19 + 92 = n*h, -2*z = 3*h - 144. Is z a prime number?
False
Suppose 5*j = -4*g + 123, 2*g + 2*g - 5*j - 133 = 0. Suppose 1 + 11 = 4*t. Let l = t + g. Is l composite?
True
Suppose 0 = -2*q + 10, -4*q + 5*q - 1066 = -a. Is a a composite number?
False
Suppose 3*m = 3*z - 18, 3*z - m = 4*m + 28. Suppose -12 = -o + z. Suppose -o + 3 = -h. Is h a composite number?
True
Let l be (5 + (-35)/10)*28/(-6). Let t(k) be the third derivative of k**6/120 + 7*k**5/60 - k**4/24 + k**3/2 - k**2. Is t(l) a composite number?
True
Suppose -u = 3*d - 108, 3*u - 4*d = -0*u + 376. Suppose -u - 27 = -3*c. Is c a prime number?
False
Let u be (2 + -2)/(2 + -4). Let m = u - -2. Is 1/m + 266/4 composite?
False
Let v = -114 - -241. Is v composite?
False
Suppose -3*t - 3*k + 3656 = 308, k = 2*t - 2229. Is t a prime number?
False
Let o(v) = -170*v + 105. Let w(m) = -13*m + 8. Let b(r) = 3*o(r) - 40*w(r). Let t(h) = -h. Let g be t(-6). Is b(g) a prime number?
False
Let z(b) = -b**2 - b + 15. Suppose q + 4*t - 2 + 6 = 0, 0 = -2*q - 4*t - 4. Suppose -f - 4*p - 20 = q, 8 + 2 = 4*f - 2*p. Is z(f) a prime number?
False
Let o = 515 + -102. Is o prime?
False
Is 1*8/20 + (-37466)/(-10) prime?
False
Suppose 4*t + 20 = -328. Let d be 4/(-18) - (-1180)/45. Let n = d - t. Is n prime?
True
Let z be 10*6 + 1 + -1. Suppose -4*f + 152 = -z. Is f composite?
False
Let t(c) = 8*c**2 - 5*c + 11. Is t(-6) composite?
True
Suppose 15*z - 10*z - 6645 = 0. Is z prime?
False
Suppose b - 5 + 3 = 0. Suppose b*q + 397 - 1035 = 0. Is q prime?
False
Suppose -38 - 73 = -g. Is g a composite number?
True
Let n(w) = 68*w**2 - 6*w - 3. Is n(3) prime?
False
Let v = 30 + -21. Suppose -v*o = -12*o + 261. Is o a prime number?
False
Let l be 2/8 + (-13573)/(-28). Let u = l - 66. Is u a composite number?
False
Suppose -2*r + 28 = 2*s, r + r - 54 = -4*s. Let n = 26 - s. Is n prime?
True
Is ((-6)/3)/(4/(-278)) prime?
True
Let l be 16/24*(-771)/(-2). Is -2 + (4 - 1)*l a prime number?
True
Let u(s) = -3*s**2. Let g be u(1). Is g/(-4) - 3010/(-8) prime?
False
Suppose 1042 = v + 4*o, 0 = 2*o - 7*o. Is v composite?
True
Is (1 - 2) + -1 + 697 a composite number?
True
Suppose 0 = 5*c + 4*d - 120, 0 = -d - 0*d - 5. Suppose 3*g = -g + c. Is (g/(-21))/((-2)/138) prime?
True
Suppose 0*u - 85 = -u. Is u a composite number?
True
Let y(b) = -b**3 + 16*b**2 - 4. Let i be y(9). Let a = 1030 - i. Is a composite?
False
Let q(d) = -202*d - 17. Is q(-7) a composite number?
True
Is (22139/39)/((-2)/(-6)) composite?
True
Is -53*2/(-6)*3 composite?
False
Let n be 4/(-20) + (-3)/(-15). Suppose n = -3*i + 580 - 7. Is i prime?
True
Suppose -5*h + 0*l = 3*l - 325, 0 = -2*l. Is h a prime number?
False
Suppose 2*r = 228 + 218. Suppose 2*s = -2*o + 158, -2*s - s = -4*o - r. Is s a composite number?
True
Let l be (6/8)/(20/480). Is l/81 - (-13406)/18 composite?
True
Suppose -1 = -5*s + 9. Suppose 2*y + 1 = -z + y, -s*y = -z - 13. Is 2/(-5) + (-12)/z a composite number?
False
Let r = 10 + -8. Is -2*r/2 - -55 a composite number?
False
Let c(h) = -h**2 + h + 1. Let a(j) = 7*j + 6. Let o(q) = -a(q) - c(q). Is o(-6) a prime number?
False
Suppose 13 = -2*b + 1817. Suppose 5*v = 4*s - b, -4*s - v + 900 = -5*v. Is s a composite number?
False
Let k(u) = u**3 + 14*u**2 - 2*u - 7. Is k(-14) prime?
False
Suppose 1 = 5*b + 21. Let u = -2 - b. Suppose -u*v - 209 = -5*c, -2*v = -v - 3. Is c composite?
False
Let f = -29 - -41. Suppose 0 = 4*j - 16 - f. Is j a prime number?
True
Let y(a) = -a**2 + 9*a - 10. Let f be y(7). Suppose b - 23 = f*o, 3*b + b - 8 = -5*o. Is b composite?
False
Suppose t = 3*f + 326, 0*f - 1331 = -4*t + 3*f. Is t composite?
True
Suppose 0 = 5*v + 5*g - 80, 3*v + 2*g = -9 + 60. Let q = v - -94. Is q composite?
False
Suppose -7*z = -10*z. Suppose z = 8*q - 4*q - 860. Is q composite?
True
Let n(w) be the third derivative of -w**4/6 + w**3/3 + 2*w**2. Let q be n(2). Let m = 10 + q. Is m composite?
True
Is 11/11*(18 + 1) a composite number?
False
Let z = 111 + -66. Let v = 2 + 4. Let p = z - v. Is p prime?
False
Suppose -l - v + 94 = 0, -v - v = l - 93. Is l a prime number?
False
Let c(z) = -z**2 + 9*z - 10. Suppose 2*x - 4*x + 14 = 0. Let v be c(x). Let y(j) = j**3 - 2*j**2 + 2*j - 5. Is y(v) a prime number?
False
Suppose -3*x + 8 = 4*v, 0*v + 4*x = -2*v + 4. Suppose -3*o = -2*o - v. Suppose 3*d + o = -q + 1, 2*q - 3*d = 7. Is q prime?
True
Suppose 0*h = h + 3, n - 473 = 2*h. Is n composite?
False
Suppose 3*j - 12 = 72. Suppose 0 = -y + j + 34. Is y a prime number?
False
Suppose -267 = -4*h + 1333. Let u be (-2)/8 - 1106/(-8). Suppose -i + h = 5*x, -2*x + 3*i + u = -i. Is x composite?
False
Suppose 5*t = 3*f - 181 + 615, 3*f = t - 94. Let v be t/3 + (-2)/(-3). Suppose 0 = 5*y - v - 66. Is y a prime number?
True
Let d(w) = -22*w**3 + 2*w**2 - 1. Let h be d(1). Is (h/(-1))/((-3)/(-3)) prime?
False
Let u(f) = 5 - 5 - 7*f + 67*f**2 - 7 - f**3 - 59*f**2. Let y = -10 - -16. Is u(y) composite?
False
Suppose -2*w + 4*u = -66, 63 = 3*w - u - 61. Suppose -3*p + w = -14. Is p composite?
False
Let o = -18 - -77. Is o a composite number?
False
Suppose 5*m = 4*f + 45, 5*m + 8 = -f + 3. Is (-20)/50 + (-554)/f prime?
False
Let f(y) = 3*y**3 + 2*y**2 - 2*y - 8. Let q(c) = 4*c**3 + c**2 - 3*c - 9. Let k(h) = 3*f(h) - 2*q(h). Let i be k(-5). Let b = i - -54. Is b prime?
True
Let t be (3/(-2))/(1/(-2)). Suppose q - t*q = -254. Is q composite?
False
Let j(u) = 6*u**2 - u - 3. Is j(-4) prime?
True
Let j(x) = 5*x + 3. Let v be j(3). Suppose -4*d + v = -26. Is d prime?
True
Suppose -4*r + 101 = 21. Is (-4350)/r*2/(-3) a prime number?
False
Is (-646)/(-10) - 2/(-5) prime?
False
Let t = -5 + 10. Suppose -14 = -5*w - 4*v + 175, -42 = -w - t*v. Is w a prime number?
True
Suppose 2*z - 997 = -3*b, 5*z + 480 = -5*b + 2135. Is b a prime number?
False
Suppose 3*l = 2087 + 4372. Is l a prime number?
True
Let k = -6 - -9. Suppose 4*s + 345 = k*o, -3*o + 2*s = -193 - 158. Is o a composite number?
True
Let o(a) = -3*a**2 - 3*a + 9. Let c(h) = h**2 + h - 1. Let n(w) = 5*c(w) + o(w). Let t be n(3). Let m = -7 + t. Is m prime?
False
Let h(n) = n**3 + 3*n**2 - 5*n - 1. Let j be h(-4). Suppose 2*r = -r + 18. Is (r/10)/(j/75) composite?
True
Suppose -2*k + 2921 = q + 102, 0 = 4*k + q - 5637. Is k composite?
False
Suppose i + 3*y = 6 + 5, 0 = -4*y + 12. Suppose h = -5*d - 4*h + 35, -7 = i*d - 5*h. Is (-1)/d + 29/4 a composite number?
False
Let d be 16 - (-2)/(-3 + 1). Let s be 5*3/(d/2). Suppose -s*c - 2 = -0, -2*x - 2*c = -24. Is x a prime number?
True
Let z(o) = 5 + o**3 + o**2 - 3 - 2*o**2 - 4. Is z(4) a prime number?
False
Let z be 23/7 - 4/14. Suppose -2*o + 65 = k + 2*o, z*k - 216 = -5*o. Is k composite?
True
Suppose 3*g - 31 = -4*c, 4*g + 5*c - 27 = 13. Suppose 0*t + 37 = -g*t + 3*n, 8 = 2*n. Let p(m) = -19*m + 2. Is p(t) prime?
True
Let v(a) = 3*a**2 - 3*a + 7. Suppose 3*h = 2*z - 13, 5*h + z + 0*z = -26. Is v(h) a composite number?
False
Let r(m) be the third derivative of -m**6/120 + m**5/10 - m**4/24 - m**3/6 + 4*m**2. Let s(k) = k + 11. Let p be s(-6). Is r(p) composite?
False
Let o be (-2 - -1)*(-1 - 1). Suppose -2*u = o*u - 176. Suppose -d + u = 3*d. Is d a prime number?
True
Let s = -9 + 9. Is 149 - 3/(-9)*s prime?
True
Let u(m) = -m + 20. Let r(n) = 9*n**2 - n + 1. Suppose 5 = 5*l - s, -3*l - 5*s - 3 = -6. Let a be r(l). Is u(a) composite?
False
Let j be ((-6)/(-4))/((-8)/(-304)). Let o = j - -30. Is o prime?
False
Suppose 4 = -4*b - 0. Let j(m) be the third derivative of -6*m**4 + m**3/6 - 6*m**2. Is j(b) a prime number?
False
Suppose 5*a - 305 = 4*t, 61 = 4*a - 3*a - 5*t. Let w(g) = -a*g - 3 + 17*g + 1 - 1. Is w(-2) prime?
False
Let b(y) be the first derivative of -11*y**2/2 - y + 1.